2*i**2 + 228*i - 1321. What is c(6)?
119
Let y(i) = 2*i**3 + 2*i**2 + i - 3. Calculate y(2).
23
Let q(m) = -8*m**3 - 22*m**2 + 10*m + 19. What is q(-2)?
-25
Let y(a) = -a**3 - 44*a**2 - 56*a - 113. Determine y(-43).
446
Let y(h) = 2*h**3 + 28*h**2 - 20*h - 282. What is y(-14)?
-2
Let d(q) = 18*q + 65. Calculate d(-3).
11
Let l(d) = -2*d**3 - 28*d**2 + 12*d + 922. Give l(-9).
4
Let o(d) = -d**3 - 29*d**2 + 121*d + 1836. What is o(-31)?
7
Let x(s) = -7*s + 4. What is x(-16)?
116
Let r(w) = -8*w**2 - 690*w - 859. Calculate r(-85).
-9
Let r(v) = -2*v**2 + 1384*v + 4180. Give r(-3).
10
Let m(g) = 3*g**2 + 237*g + 570. What is m(-77)?
108
Let m(h) = 98*h**3 + 82*h**2 + 3. Determine m(-1).
-13
Let n(r) = -185*r + 842. Give n(4).
102
Let u(x) = -2*x**2 + 76*x + 158. Give u(-2).
-2
Let c(d) = 2*d**2 + 71*d + 609. What is c(-11)?
70
Let t(m) = 270*m + 897. What is t(-4)?
-183
Let b(s) = 17*s**2 - 1917*s - 2392. Calculate b(114).
2
Let v(k) = 146*k**2 - 308*k + 34. What is v(2)?
2
Let g(x) = x**3 - 139*x**2 - 866*x - 642. Calculate g(145).
-62
Let u(s) = -31*s**3 - 19*s**2 + 16*s + 2. Determine u(1).
-32
Let q(y) = -y**2 - 239*y - 13921. Give q(-101).
17
Let o(z) = -69*z**2 + 25*z - 26. Determine o(1).
-70
Let c(o) = -4*o**2 + 43*o - 99. Give c(11).
-110
Let w(m) = -5*m**3 - 412*m**2 - 166*m - 172. What is w(-82)?
-8
Let j(p) = 98*p - 9881. Give j(101).
17
Let s(g) = -881*g - 1652. Determine s(-2).
110
Let t(n) = 234*n - 5852. Give t(25).
-2
Let j(a) = -162*a + 178. Calculate j(1).
16
Let i(z) = 2*z**3 + 80*z**2 - 2*z - 110. Give i(-40).
-30
Let x(h) = -h**3 + 5*h**2 + 10*h + 10. What is x(6)?
34
Let y(w) = -47*w + 166. Determine y(5).
-69
Let y(a) = 3*a**2 + 7*a - 63. Determine y(-8).
73
Let z(x) = 39*x - 172. What is z(6)?
62
Let v(f) = -31*f - 128. What is v(-18)?
430
Let z(k) = 149*k - 3584. Give z(24).
-8
Let d(g) = -29*g**2 - 143*g - 4. Determine d(-5).
-14
Let b(d) = 44*d**3 + 3*d**2 - 5*d + 3. Calculate b(1).
45
Let a(h) = 2*h**2 - 5*h - 70. Determine a(8).
18
Let r(f) = 102*f - 1015. Give r(10).
5
Let w(j) = -j**2 + 30629. Determine w(175).
4
Let d(z) = -2*z**3 - 24*z**2 - 12*z + 170. Calculate d(-11).
60
Let w(r) = -r**3 - 5*r**2 - 41*r - 932. What is w(-10)?
-22
Let l(j) = j**2 + 35*j + 257. Calculate l(-13).
-29
Let z(l) = -3*l**2 + 440*l + 6390. Determine z(160).
-10
Let x(g) = g**2 + 100*g + 2335. What is x(-38)?
-21
Let c(r) = r**3 - r + 2. What is c(5)?
122
Let o(c) = c**3 + 13*c**2 - 43*c - 404. Determine o(-12).
256
Let w(m) = -21*m - 31. Give w(4).
-115
Let n(r) = 23*r**2 + 378*r + 486. What is n(-15)?
-9
Let r(c) = -c**3 - 78*c**2 + 333*c - 17. Determine r(4).
3
Let v(u) = -u**3 - 3*u**2 - 216*u - 871. Determine v(-4).
9
Let n(l) = -l**3 - 51*l**2 - 252*l + 803. What is n(-45)?
-7
Let j(h) = -171*h - 1021. Calculate j(-6).
5
Let a(b) = b**2 + 29*b - 166. Determine a(-34).
4
Let g(l) = l**3 + 6*l**2 - 24*l + 16. Give g(3).
25
Let d(u) = -208*u**3 + 2*u**2 + u. Give d(-1).
209
Let q(l) = 5*l**3 + 24*l**2 + 19*l + 119. Calculate q(-5).
-1
Let t(o) = -o**3 + 2*o**2 + 16*o - 108. Give t(5).
-103
Let j(l) = 8053*l - 8097. Give j(1).
-44
Let a(n) = -8*n**2 - 105*n - 3. Calculate a(-13).
10
Let v(f) = 278*f**2 - 5280*f - 42. What is v(19)?
-4
Let o(q) = -2*q + 267. Give o(0).
267
Let l(u) = 3*u**2 + 350*u + 7447. What is l(-28)?
-1
Let h(j) = 7*j + 151. Give h(-21).
4
Let z(u) = 11*u + 941. Determine z(-87).
-16
Let b(w) = -21*w**2 - 672*w - 80. Calculate b(-32).
-80
Let r(f) = -3*f**3 + 9*f**2 + 8*f - 16. Give r(3).
8
Let j(r) = -38*r**3 + 3*r**2 - 49*r - 53. What is j(-1)?
37
Let b(h) = 4*h - 655. Give b(23).
-563
Let s(n) = -20*n + 376. What is s(19)?
-4
Let j(s) = -s**3 + 11*s**2 + 44*s - 28. Calculate j(8).
516
Let n(z) = -3*z**3 + z**2 - 77*z + 4. Determine n(0).
4
Let u(t) = -5*t**3 + t**2 + 22*t - 106. Determine u(4).
-322
Let u(c) = c**2 + 36*c + 115. What is u(-3)?
16
Let z(i) = -i**3 - 13*i**2 - 6*i - 18. What is z(6)?
-738
Let i(s) = -s**3 - 23*s**2 - 131*s - 15. Calculate i(-11).
-26
Let l(y) = 2*y**2 + 68*y + 567. Calculate l(-14).
7
Let n(o) = o**3 + 29*o**2 + 21*o - 192. Give n(-28).
4
Let a(t) = t**3 - 151*t**2 + 5629*t - 81. Determine a(84).
3
Let o(z) = 41*z - 766. Determine o(19).
13
Let n(k) = 14*k**2 - 72*k + 12. What is n(5)?
2
Let o(a) = -3*a**2 + 40. Calculate o(-9).
-203
Let y(a) = 401*a - 34483. Calculate y(86).
3
Let s(n) = -4*n**2 - 341*n + 2580. Calculate s(7).
-3
Let l(k) = -138*k - 21. What is l(1)?
-159
Let c(r) = 387*r + 5415. Give c(-14).
-3
Let j(a) = -3*a**3 + 15*a**2 - 18*a + 12. Determine j(5).
-78
Let a(b) = 1486*b + 2991. Determine a(-2).
19
Let y(w) = -w**2 - 28*w + 38. Calculate y(-38).
-342
Let q(r) = -r**2 + 49*r - 553. What is q(29)?
27
Let w(f) = -44*f**3 + 131*f**2 + 128*f - 2. What is w(-1)?
45
Let c(f) = f**3 - 8*f**2 + 11*f - 12. What is c(3)?
-24
Let u(c) = -2*c**3 + 171*c**2 + 429*c + 953. What is u(88)?
-15
Let b(i) = -6*i**2 - 244*i + 12. What is b(-41)?
-70
Let k(h) = -226*h + 117. What is k(1)?
-109
Let l(y) = 171*y**2 + 1561*y + 204. Determine l(-9).
6
Let f(r) = -40*r - 12. Calculate f(-21).
828
Let k(b) = -2*b**2 - 74*b + 235. Determine k(3).
-5
Let u(c) = -2*c**3 + 85*c**2 - 875*c + 3. Determine u(25).
3
Let d(u) = 199*u - 2793. Determine d(14).
-7
Let t(w) = -2*w**2 - 185*w - 4267. Give t(-47).
10
Let p(j) = 55*j - 489. Give p(9).
6
Let r(p) = -p**3 + 7*p - 13. Give r(2).
-7
Let l(n) = -n**3 + 13*n**2 - 36*n + 4. What is l(7)?
46
Let w(z) = 6*z**2 - 10*z - 33. Calculate w(-6).
243
Let m(k) = k**3 + 18*k**2 - 11*k - 208. Calculate m(-18).
-10
Let p(o) = 51*o**2 + 172*o + 63. Determine p(-3).
6
Let m(t) = -24*t - 317. Determine m(-17).
91
Let x(l) = -260*l + 2083. Give x(8).
3
Let s(c) = c**3 - c**2 - 25*c + 84. Calculate s(7).
203
Let m(y) = 2*y**2 + 217*y + 429. Calculate m(-2).
3
Let q(a) = a**3 - 21*a**2 + 69*a - 103. Calculate q(17).
-86
Let g(m) = -437*m - 161. Calculate g(1).
-598
Let w(h) = -h**3 - 29*h**2 - 5*h - 1049. What is w(-30)?
1
Let m(a) = a**3 + 58*a**2 - 65*a - 338. Give m(-59).
16
Let k(f) = -2*f**3 - 42*f**2 - 111*f - 68. Determine k(-18).
-14
Let n(m) = -4*m**3 + 33*m**2 - 13*m + 17. Determine n(8).
-23
Let j(s) = s**3 + 60*s**2 - 57*s + 246. Calculate j(-61).
2
Let i(q) = -47*q**3 - 4*q**2 - 7*q - 2. Determine i(-1).
48
Let x(u) = -362*u + 3294. What is x(9)?
36
Let l(a) = -241*a - 19042. Give l(-79).
-3
Let n(p) = 4*p**2 + 183*p - 789. What is n(4)?
7
Let v(g) = -g**3 + 14*g**2 - 36*g + 506. Determine v(14).
2
Let h(u) = -1001*u + 1003. Calculate h(1).
2
Let x(w) = -w**3 + 19*w**2 - 51*w + 644. Calculate x(18).
50
Let m(z) = -2*z**3 - 89*z**2 - 430*z - 39. Give m(-39).
0
Let n(c) = 57*c + 229. Calculate n(-4).
1
Let s(h) = -h**2 + 56*h - 548. Give s(12).
-20
Let d(a) = a**3 - 255*a**2 - 1299*a - 287. What is d(260)?
-27
Let s(f) = f**3 + 6*f**2 - 107*f - 683. Give s(-10).
-13
Let l(f) = -f**2 + 141*f - 1006. Calculate l(7).
-68
Let n(w) = -w**2 + 60*w - 45. What is n(3)?
126
Let o(k) = k**3 - 21*k**2 - 3*k + 22. Calculate o(21).
-41
Let h(i) = -31*i**3 - 6*i**2 + 6*i + 21. What is h(-2)?
233
Let n(h) = 81*h + 359. Give n(-5).
-46
Let i(f) = 10*f**3 + 141*f**2 + 42*f + 394. Determine i(-14).
2
Let h(t) = -6*t - 275. Determine h(-37).
-53
Let r(h) = -h**2 - 23*h - 35. Calculate r(-19).
41
Let z(s) = s**2 + 67*s + 518. Calculate z(-11).
-98
Let b(y) = y**3 + 21*y**2 + 934*y + 22536. Calculate b(-23).
-4
Let y(j) = -132*j + 1442. Calculate y(11).
-10
Let o(x) = 52*x - 1100. Calculate o(8).
-684
Let o(u) = u**2 + 22*u - 3161. Determine o(46).
-33
Let n(r) = 2*r**3 - 2*r**2 - r - 4. What is n(3)?
29
Let m(o) = 72*o**3 + 374*o**2 + 63*o - 24. Give m(-5).
11
Let h(r) = -r**3 + 2*r**2 + 175*r - 36. Determine h(14).
62
Let u(b) = -b**3 + 17*b**2 + 17*b - 76. What is u(17)?
213
Let z(n) = -9*n**3 + 781*n**2 + 175*n - 80. Calculate z(87).
7
Let f(t) = -27*t**2 - 1594*t - 1596. Determine f(-1).
-29
Let q(n) = -4*n**3 + 139*n**2 + 20*n + 59. Determine q(35).
-466
Let a(l) = -24*l**2 - 251*l + 7. Determine a(-11).
-136
Let m(y) = 4*y**2 + 31*y - 437. Calculate m(-15).
-2
Let i(n) = -n**2 - 326*n - 2543. Calculate i(-8).
1
Let u(l) = 2*l**3 - 44*l**2 + 48*l - 121. Give u(21).
5
Let v(i) = -2*i**3 + 56*i**2 + 55*i + 69. Determine v(29).
-18
Let k(o) = -385*o**2 - 4*o + 5.